st common divisor of 728 and 336?
56
What is the highest common divisor of 432 and 54?
54
Calculate the highest common factor of 104 and 1192.
8
Calculate the greatest common factor of 166 and 83.
83
Calculate the greatest common factor of 13737 and 285.
57
What is the greatest common divisor of 429 and 165?
33
What is the greatest common factor of 16 and 592?
16
What is the highest common divisor of 324 and 396?
36
Calculate the highest common divisor of 871 and 4087.
67
What is the highest common divisor of 195 and 14755?
65
What is the greatest common factor of 140 and 63?
7
Calculate the greatest common factor of 1334 and 230.
46
What is the highest common factor of 12 and 5766?
6
Calculate the highest common factor of 910 and 637.
91
What is the greatest common divisor of 676 and 156?
52
Calculate the highest common divisor of 600 and 192.
24
What is the greatest common divisor of 140 and 56?
28
Calculate the greatest common divisor of 94 and 1410.
94
Calculate the greatest common factor of 220 and 20.
20
What is the greatest common factor of 1265 and 11?
11
What is the greatest common divisor of 4 and 12?
4
What is the greatest common factor of 18 and 1152?
18
What is the highest common factor of 1400 and 425?
25
What is the highest common factor of 285 and 1235?
95
What is the greatest common divisor of 21 and 3087?
21
What is the highest common divisor of 41 and 13817?
41
Calculate the highest common factor of 693 and 14.
7
Calculate the highest common divisor of 138 and 322.
46
Calculate the highest common divisor of 180 and 40.
20
Calculate the greatest common divisor of 375 and 12875.
125
What is the greatest common divisor of 12217 and 19?
19
What is the greatest common factor of 19 and 76?
19
What is the greatest common factor of 874 and 2024?
46
What is the greatest common factor of 2432 and 1634?
38
Calculate the greatest common divisor of 3302 and 78.
26
Calculate the highest common divisor of 342 and 72.
18
What is the highest common factor of 912 and 1026?
114
What is the highest common factor of 33 and 352?
11
Calculate the greatest common factor of 28 and 14.
14
What is the highest common factor of 54 and 1782?
54
Calculate the greatest common divisor of 135 and 27.
27
Calculate the highest common divisor of 29 and 783.
29
What is the greatest common factor of 287 and 41?
41
What is the highest common divisor of 1662 and 6?
6
What is the highest common divisor of 234 and 806?
26
What is the greatest common divisor of 36 and 120?
12
Calculate the greatest common divisor of 31098 and 213.
213
What is the greatest common factor of 35 and 15?
5
What is the highest common divisor of 28 and 658?
14
What is the highest common divisor of 25 and 50?
25
What is the highest common divisor of 137 and 2?
1
What is the highest common factor of 52 and 8?
4
What is the greatest common divisor of 646 and 34?
34
Calculate the highest common divisor of 30816 and 96.
96
Calculate the greatest common factor of 102 and 20094.
102
Calculate the highest common factor of 242 and 19602.
242
Calculate the greatest common divisor of 33 and 44.
11
What is the greatest common factor of 15 and 1075?
5
Calculate the highest common divisor of 6120 and 160.
40
Calculate the highest common factor of 329 and 47.
47
What is the greatest common divisor of 1106 and 3634?
158
Calculate the greatest common divisor of 111 and 9694.
37
What is the highest common divisor of 7476 and 28?
28
What is the highest common divisor of 9428 and 12?
4
What is the greatest common divisor of 344 and 5074?
86
Calculate the greatest common factor of 2 and 140.
2
Calculate the greatest common factor of 2 and 194.
2
What is the highest common factor of 386 and 22?
2
What is the highest common factor of 1440 and 2340?
180
What is the highest common divisor of 124 and 4588?
124
Calculate the greatest common factor of 3150 and 45.
45
What is the highest common divisor of 2032 and 32?
16
Calculate the greatest common factor of 28 and 756.
28
What is the greatest common divisor of 3834 and 9?
9
What is the greatest common divisor of 40 and 110?
10
What is the greatest common divisor of 3664 and 16?
16
What is the highest common divisor of 18 and 198?
18
What is the greatest common divisor of 988 and 152?
76
What is the greatest common factor of 94 and 2209?
47
Calculate the highest common factor of 675 and 150.
75
Calculate the highest common divisor of 114 and 399.
57
Calculate the greatest common divisor of 1552 and 97.
97
Calculate the greatest common divisor of 340 and 136.
68
Calculate the highest common factor of 24642 and 18.
18
Calculate the highest common divisor of 572 and 44.
44
Calculate the highest common divisor of 320 and 720.
80
What is the greatest common divisor of 114 and 6?
6
What is the highest common divisor of 6 and 64?
2
Calculate the highest common factor of 3825 and 125.
25
What is the greatest common factor of 10 and 3515?
5
Calculate the highest common divisor of 2370 and 60.
30
Calculate the greatest common divisor of 20 and 740.
20
Calculate the highest common divisor of 407 and 1276.
11
What is the highest common divisor of 224 and 602?
14
What is the greatest common divisor of 120 and 540?
60
What is the greatest common divisor of 133 and 336?
7
Calculate the highest common divisor of 2700 and 950.
50
What is the highest common divisor of 276 and 36?
12
What is the greatest common factor of 42 and 2814?
42
Calculate the highest common divisor of 2301 and 117.
39
What is the greatest common factor of 33 and 1969?
11
What is the highest common divisor of 29660 and 20?
20
Calculate the highest common factor of 258 and 2193.
129
What is the greatest common divisor of 12 and 324?
12
What is the greatest common divisor of 393 and 16768?
131
What is the greatest common divisor of 164 and 205?
41
Calculate the highest common factor of 216 and 4266.
54
Calculate the greatest common factor of 24 and 2928.
24
Calculate the greatest common factor of 483 and 138.
69
What is the greatest common divisor of 102 and 3230?
34
Calculate the highest common factor of 6 and 321.
3
What is the greatest common divisor of 91 and 39?
13
Calculate the greatest common divisor of 1387 and 73.
73
What is the greatest common factor of 206 and 112064?
206
Calculate the greatest common divisor of 6 and 22.
2
What is the highest common factor of 3796 and 511?
73
What is the highest common divisor of 111 and 185?
37
What is the highest common factor of 6956 and 188?
188
Calculate the highest common divisor of 11 and 11.
11
What is the greatest common divisor of 509 and 13?
1
What is the greatest common divisor of 616 and 28?
28
What is the greatest common divisor of 35 and 595?
35
What is the highest common factor of 123 and 82?
41
What is the highest common divisor of 12896 and 39?
13
What is the highest common factor of 708 and 10384?
236
Calculate the greatest common divisor of 416 and 96.
32
What is the highest common factor of 4697 and 183?
61
What is the highest common divisor of 60 and 2940?
60
Calculate the greatest common divisor of 11 and 407.
11
Calculate the greatest common factor of 29130 and 15.
15
What is the highest common divisor of 61 and 1?
1
Calculate the highest common factor of 66 and 33.
33
What is the greatest common divisor of 24820 and 170?
170
Calculate the highest common factor of 968 and 32.
8
What is the highest common factor of 3856 and 16?
16
Calculate the highest common divisor of 12621 and 63.
21
What is the highest common factor of 22 and 759?
11
What is the highest common factor of 19 and 437?
19
What is the highest common factor of 4 and 38?
2
Calculate the highest common divisor of 2825 and 1017.
113
Calculate the greatest common factor of 3432 and 143.
143
Calculate the greatest common divisor of 854 and 56.
14
What is the greatest common divisor of 210 and 3?
3
Calculate the highest common divisor of 1952 and 32.
32
What is the greatest common factor of 14 and 329?
7
Calculate the greatest common divisor of 779 and 247.
19
What is the greatest common divisor of 4941 and 243?
81
Calculate the highest common factor of 216 and 8451.
27
What is the highest common factor of 42 and 822?
6
What is the highest common factor of 325 and 50?
25
Calculate th